{"id":1150,"date":"2022-06-15T16:00:26","date_gmt":"2022-06-15T13:00:26","guid":{"rendered":"http:\/\/www.joutsa.fi\/jouto\/?page_id=1150"},"modified":"2024-02-15T12:36:40","modified_gmt":"2024-02-15T10:36:40","slug":"historia","status":"publish","type":"page","link":"https:\/\/www.joutsa.fi\/jouto\/historia\/","title":{"rendered":"HISTORIA"},"content":{"rendered":"<p><strong>Mist\u00e4 on Joutsan Joutop\u00e4iv\u00e4t tehty?<\/strong><br \/>\nSatunnaisia k\u00e4\u00e4nteit\u00e4 ja knoppitietoa, jolla voi kehuskella Talomuseon illassa Joutop\u00e4ivill\u00e4 niille, jotka huonommin muistavat.<\/p>\n<p><strong>1972<\/strong><br \/>\nJoutsan Joutop\u00e4iv\u00e4t j\u00e4rjestettiin ensimm\u00e4isen kerran kes\u00e4ll\u00e4 1972.<\/p>\n<p><strong>1973<\/strong><br \/>\nJ\u00e4rjestelytoimikunta mietti ennen Joutop\u00e4ivi\u00e4 viimeisess\u00e4 kokouksessaan muun muassa, pit\u00e4isik\u00f6 tapahtuman juhlapuhujalle, p\u00e4\u00e4ministeri <strong>Kalevi Sorsalle<\/strong>\u00a0tuoda tilaisuuteen selk\u00e4nojallinen tuoli. Muu yleis\u00f6 tulee istumaan selk\u00e4nojattomilla penkeill\u00e4.<\/p>\n<p><strong>1979<\/strong><br \/>\nJoutop\u00e4ivill\u00e4 koettiin tiett\u00e4v\u00e4sti yksi yleis\u00f6enn\u00e4tys: paikallislehti Joutsan Seudun mukaan Joutop\u00e4ivilt\u00e4 vietiin putkaan 41 henkil\u00f6\u00e4.<\/p>\n<p><strong>1981\u00a0<\/strong><br \/>\nVietet\u00e4\u00e4n Joutop\u00e4ivien 10-vuotisjuhlaa. Joutoh\u00f6lk\u00e4n juoksureitti\u00e4 muutettiin, mik\u00e4 sai osan joutoh\u00f6lkk\u00e4\u00e4jist\u00e4 \u00e4rsyyntym\u00e4\u00e4n ja &#8221;jopa haistattelemaan&#8221; j\u00e4rjest\u00e4jille. Ensimm\u00e4isiksi perinnemestareiksi nimitet\u00e4\u00e4n <strong>Josefiina J\u00e4rvinen<\/strong> sek\u00e4 <strong>Lauri M\u00e4kel\u00e4<\/strong>.<\/p>\n<p><strong>1991<\/strong><br \/>\nTalomuseon uusi rinnelava saadaan 20-vuotisjuhlavuoden Joutop\u00e4iville k\u00e4ytt\u00f6\u00f6n. Esiintym\u00e4ss\u00e4 on muun muassa <strong>Vesa-Matti Loiri<\/strong>. Tervanpoltton\u00e4yt\u00f6st\u00e4 Talomuseolla piti <strong>Olavi Vanhalahti<\/strong>, ja valmista tervaa lahjoitettiin my\u00f6s Loirille lahjaksi.<\/p>\n<p><strong>1994<\/strong><br \/>\n1990-luvun alkupuolella pitk\u00e4aikainen toiminnanjohtaja <strong>Veli T\u00f6yryl\u00e4<\/strong> antoi haastattelua paikalliselle tv-kanavalle, Joutokanavalle. Toimittaja Jaakko Moilaselle T\u00f6yryl\u00e4 totesi tuolloin (vapaasti siteeraten) <em>&#8221;Vuonna 1992 ajateltiin, ett\u00e4 jos nyt 20 vuotta jotenkin saadaan j\u00e4rjestetty\u00e4 Joutop\u00e4iv\u00e4t, niin sitten voidaan lopettaa. Nyt on jo menty siit\u00e4 ohi, eik\u00e4 kukaan puhu en\u00e4\u00e4 lopettamisesta mit\u00e4\u00e4n.&#8221;<\/em><\/p>\n<p>Samaisessa haastattelussa T\u00f6yryl\u00e4 kertoi, ett\u00e4 Talomuseon iltatapahtuman yleis\u00f6m\u00e4\u00e4r\u00e4 toteutui odotetusti &#8211; v\u00e4ke\u00e4 oli ollut paikalla melko tarkkaan\u00a05000. Haastattelussa pohdittiin, miten seisomapaikkoja saadaa Talomuseon alueelle j\u00e4rjestetty\u00e4 niin, &#8221;jotta\u00a0yleis\u00f6 mahtuisi\u00a0seisomaan v\u00e4lj\u00e4sti alueella&#8221;.<\/p>\n<p><strong>2001\u00a0<\/strong><br \/>\n30 vuotta Joutop\u00e4ivi\u00e4! <strong>Veli T\u00f6yryl\u00e4<\/strong> valitaan perinnemestariksi. Juhlakantaatin s\u00e4velt\u00e4\u00e4 <strong>Seppo P\u00e4nk\u00e4l\u00e4inen<\/strong>.\u00a0<strong>Aki Sirkesalo<\/strong> &#8221;villitsi yleis\u00f6\u00e4&#8221; Huttulan Musaklubilla. Poliisi vei putkaan viikonlopupna vain 11 henkil\u00f6\u00e4, mik\u00e4 oli Joutsan poliisin mukaan rauhallisen viikonlopun tulos.<\/p>\n<p><strong>2011\u00a0<\/strong><br \/>\nJoutop\u00e4iv\u00e4t julkaisee 40-vuotisjuhlavuoden cd-levyn, joka jaetaan kaikkiin Joutsan kotitalouksiin.<\/p>\n<p><strong>2019<\/strong><br \/>\nJoutop\u00e4ivill\u00e4 lanseerataan uusi tapahtuma, Kellari Garden Party ravintola Kellarin sis\u00e4pihalla. Ilta Talomuseolla j\u00e4\u00e4 t\u00e4m\u00e4n vuoksi v\u00e4list\u00e4. Tukkilaisten SM-osakilpailu pidet\u00e4\u00e4n Uimalassa kaatosateessa. Rutalahden Letkaliiterill\u00e4 on t\u00e4n\u00e4 vuonna paljon Joutop\u00e4ivien oheistapahtumia.<\/p>\n<p><strong>2020<\/strong><br \/>\nJoutop\u00e4iv\u00e4t joudutaan ensimm\u00e4isen kerran historiansa aikana perumaan. Koronapandemian vuoksi Joutsan Yritt\u00e4j\u00e4t ry p\u00e4\u00e4tti j\u00e4tt\u00e4\u00e4 tapahtuman j\u00e4rjest\u00e4m\u00e4tt\u00e4.<\/p>\n<p><strong>2021<\/strong><br \/>\nJoutop\u00e4iv\u00e4t perutaan toistamiseen, edelleen pandemian vuoksi.<\/p>\n<p><strong>2022<\/strong><br \/>\nVuonna 2022 Joutop\u00e4iv\u00e4t juhli 50-vuotisjuhlavuottaan. Onnea, Joutop\u00e4iv\u00e4t!<br \/>\nIlta Talomuseolla palautettiin viikonlopun ohjelmistoon. Teemana oli muutenkin osuvasti &#8217;perinteet ja nostalgia&#8217;. Perinnen\u00e4yt\u00f6ksin\u00e4 n\u00e4htiin tervanpolttoa, sahdinvalmistusta ja taontaa. Joutop\u00e4ivist\u00e4 esitettiin 45-minuuttinen dokumenttielokuva, joka on kooste Joutop\u00e4ivist\u00e4 vuosikymmenien varrelta. Runsaasti oheistapahtumia j\u00e4rjesti Taidelaitos Haihatus.<\/p>\n<p><strong>2023<br \/>\n<\/strong>Taidelaitos Haihatus otti vetovastuun Joutop\u00e4ivien j\u00e4rjest\u00e4misest\u00e4 vuonna 2023.\u00a0 Koseptia uudistettiin ja ter\u00e4v\u00f6itettiin. Talomuseolla nautittiin maalaismarkkinoissa ja monipuolisesta ilmaisohjelmasta. Iltajuhlassa talomuseon lavalla esiintyiv\u00e4t Mara Balls ja legendaarinen Ismo Alanko yhtyeineen.<\/p>\n","protected":false},"excerpt":{"rendered":"<p>Mist\u00e4 on Joutsan Joutop\u00e4iv\u00e4t tehty? Satunnaisia k\u00e4\u00e4nteit\u00e4 ja knoppitietoa, jolla voi kehuskella Talomuseon illassa Joutop\u00e4ivill\u00e4 niille, jotka huonommin muistavat. 1972 Joutsan Joutop\u00e4iv\u00e4t j\u00e4rjestettiin ensimm\u00e4isen kerran &hellip;<\/p>\n","protected":false},"author":1,"featured_media":0,"parent":0,"menu_order":0,"comment_status":"closed","ping_status":"closed","template":"","meta":{"footnotes":""},"class_list":["post-1150","page","type-page","status-publish","hentry"],"yoast_head":"<!-- This site is optimized with the Yoast SEO plugin v27.5 - https:\/\/yoast.com\/product\/yoast-seo-wordpress\/ -->\n<title>HISTORIA - Joutsan Joutop\u00e4iv\u00e4t 4.-5.7.2026<\/title>\n<meta name=\"robots\" content=\"index, follow, max-snippet:-1, max-image-preview:large, max-video-preview:-1\" \/>\n<link rel=\"canonical\" href=\"https:\/\/www.joutsa.fi\/jouto\/historia\/\" \/>\n<meta property=\"og:locale\" content=\"fi_FI\" \/>\n<meta property=\"og:type\" content=\"article\" \/>\n<meta property=\"og:title\" content=\"HISTORIA - Joutsan Joutop\u00e4iv\u00e4t 4.-5.7.2026\" \/>\n<meta property=\"og:description\" content=\"Mist\u00e4 on Joutsan Joutop\u00e4iv\u00e4t tehty? Satunnaisia k\u00e4\u00e4nteit\u00e4 ja knoppitietoa, jolla voi kehuskella Talomuseon illassa Joutop\u00e4ivill\u00e4 niille, jotka huonommin muistavat. 1972 Joutsan Joutop\u00e4iv\u00e4t j\u00e4rjestettiin ensimm\u00e4isen kerran &hellip;\" \/>\n<meta property=\"og:url\" content=\"https:\/\/www.joutsa.fi\/jouto\/historia\/\" \/>\n<meta property=\"og:site_name\" content=\"Joutsan Joutop\u00e4iv\u00e4t 4.-5.7.2026\" \/>\n<meta property=\"article:publisher\" content=\"https:\/\/www.facebook.com\/joutopaivat\" \/>\n<meta property=\"article:modified_time\" content=\"2024-02-15T10:36:40+00:00\" \/>\n<meta name=\"twitter:card\" content=\"summary_large_image\" \/>\n<meta name=\"twitter:label1\" content=\"Arvioitu lukuaika\" \/>\n\t<meta name=\"twitter:data1\" content=\"3 minuuttia\" \/>\n<script type=\"application\/ld+json\" class=\"yoast-schema-graph\">{\"@context\":\"https:\\\/\\\/schema.org\",\"@graph\":[{\"@type\":\"WebPage\",\"@id\":\"https:\\\/\\\/www.joutsa.fi\\\/jouto\\\/historia\\\/\",\"url\":\"https:\\\/\\\/www.joutsa.fi\\\/jouto\\\/historia\\\/\",\"name\":\"HISTORIA - Joutsan Joutop\u00e4iv\u00e4t 4.-5.7.2026\",\"isPartOf\":{\"@id\":\"https:\\\/\\\/www.joutsa.fi\\\/jouto\\\/#website\"},\"datePublished\":\"2022-06-15T13:00:26+00:00\",\"dateModified\":\"2024-02-15T10:36:40+00:00\",\"breadcrumb\":{\"@id\":\"https:\\\/\\\/www.joutsa.fi\\\/jouto\\\/historia\\\/#breadcrumb\"},\"inLanguage\":\"fi\",\"potentialAction\":[{\"@type\":\"ReadAction\",\"target\":[\"https:\\\/\\\/www.joutsa.fi\\\/jouto\\\/historia\\\/\"]}]},{\"@type\":\"BreadcrumbList\",\"@id\":\"https:\\\/\\\/www.joutsa.fi\\\/jouto\\\/historia\\\/#breadcrumb\",\"itemListElement\":[{\"@type\":\"ListItem\",\"position\":1,\"name\":\"Etusivu\",\"item\":\"https:\\\/\\\/www.joutsa.fi\\\/jouto\\\/\"},{\"@type\":\"ListItem\",\"position\":2,\"name\":\"HISTORIA\"}]},{\"@type\":\"WebSite\",\"@id\":\"https:\\\/\\\/www.joutsa.fi\\\/jouto\\\/#website\",\"url\":\"https:\\\/\\\/www.joutsa.fi\\\/jouto\\\/\",\"name\":\"Joutsan Joutop\u00e4iv\u00e4t 4.-5.7.2026\",\"description\":\"Kes\u00e4isi\u00e4 kohtaamisia jo vuodesta 1972\",\"publisher\":{\"@id\":\"https:\\\/\\\/www.joutsa.fi\\\/jouto\\\/#organization\"},\"potentialAction\":[{\"@type\":\"SearchAction\",\"target\":{\"@type\":\"EntryPoint\",\"urlTemplate\":\"https:\\\/\\\/www.joutsa.fi\\\/jouto\\\/?s={search_term_string}\"},\"query-input\":{\"@type\":\"PropertyValueSpecification\",\"valueRequired\":true,\"valueName\":\"search_term_string\"}}],\"inLanguage\":\"fi\"},{\"@type\":\"Organization\",\"@id\":\"https:\\\/\\\/www.joutsa.fi\\\/jouto\\\/#organization\",\"name\":\"Joutsan Joutop\u00e4iv\u00e4t 4.-5.7.2026\",\"url\":\"https:\\\/\\\/www.joutsa.fi\\\/jouto\\\/\",\"logo\":{\"@type\":\"ImageObject\",\"inLanguage\":\"fi\",\"@id\":\"https:\\\/\\\/www.joutsa.fi\\\/jouto\\\/#\\\/schema\\\/logo\\\/image\\\/\",\"url\":\"https:\\\/\\\/www.joutsa.fi\\\/jouto\\\/wp-content\\\/uploads\\\/2023\\\/04\\\/cropped-cropped-Joutopaiva_logo_taustalla.png\",\"contentUrl\":\"https:\\\/\\\/www.joutsa.fi\\\/jouto\\\/wp-content\\\/uploads\\\/2023\\\/04\\\/cropped-cropped-Joutopaiva_logo_taustalla.png\",\"width\":512,\"height\":512,\"caption\":\"Joutsan Joutop\u00e4iv\u00e4t 4.-5.7.2026\"},\"image\":{\"@id\":\"https:\\\/\\\/www.joutsa.fi\\\/jouto\\\/#\\\/schema\\\/logo\\\/image\\\/\"},\"sameAs\":[\"https:\\\/\\\/www.facebook.com\\\/joutopaivat\",\"https:\\\/\\\/www.instagram.com\\\/joutsan_joutopaivat\\\/\"]}]}<\/script>\n<!-- \/ Yoast SEO plugin. -->","yoast_head_json":{"title":"HISTORIA - Joutsan Joutop\u00e4iv\u00e4t 4.-5.7.2026","robots":{"index":"index","follow":"follow","max-snippet":"max-snippet:-1","max-image-preview":"max-image-preview:large","max-video-preview":"max-video-preview:-1"},"canonical":"https:\/\/www.joutsa.fi\/jouto\/historia\/","og_locale":"fi_FI","og_type":"article","og_title":"HISTORIA - Joutsan Joutop\u00e4iv\u00e4t 4.-5.7.2026","og_description":"Mist\u00e4 on Joutsan Joutop\u00e4iv\u00e4t tehty? Satunnaisia k\u00e4\u00e4nteit\u00e4 ja knoppitietoa, jolla voi kehuskella Talomuseon illassa Joutop\u00e4ivill\u00e4 niille, jotka huonommin muistavat. 1972 Joutsan Joutop\u00e4iv\u00e4t j\u00e4rjestettiin ensimm\u00e4isen kerran &hellip;","og_url":"https:\/\/www.joutsa.fi\/jouto\/historia\/","og_site_name":"Joutsan Joutop\u00e4iv\u00e4t 4.-5.7.2026","article_publisher":"https:\/\/www.facebook.com\/joutopaivat","article_modified_time":"2024-02-15T10:36:40+00:00","twitter_card":"summary_large_image","twitter_misc":{"Arvioitu lukuaika":"3 minuuttia"},"schema":{"@context":"https:\/\/schema.org","@graph":[{"@type":"WebPage","@id":"https:\/\/www.joutsa.fi\/jouto\/historia\/","url":"https:\/\/www.joutsa.fi\/jouto\/historia\/","name":"HISTORIA - Joutsan Joutop\u00e4iv\u00e4t 4.-5.7.2026","isPartOf":{"@id":"https:\/\/www.joutsa.fi\/jouto\/#website"},"datePublished":"2022-06-15T13:00:26+00:00","dateModified":"2024-02-15T10:36:40+00:00","breadcrumb":{"@id":"https:\/\/www.joutsa.fi\/jouto\/historia\/#breadcrumb"},"inLanguage":"fi","potentialAction":[{"@type":"ReadAction","target":["https:\/\/www.joutsa.fi\/jouto\/historia\/"]}]},{"@type":"BreadcrumbList","@id":"https:\/\/www.joutsa.fi\/jouto\/historia\/#breadcrumb","itemListElement":[{"@type":"ListItem","position":1,"name":"Etusivu","item":"https:\/\/www.joutsa.fi\/jouto\/"},{"@type":"ListItem","position":2,"name":"HISTORIA"}]},{"@type":"WebSite","@id":"https:\/\/www.joutsa.fi\/jouto\/#website","url":"https:\/\/www.joutsa.fi\/jouto\/","name":"Joutsan Joutop\u00e4iv\u00e4t 4.-5.7.2026","description":"Kes\u00e4isi\u00e4 kohtaamisia jo vuodesta 1972","publisher":{"@id":"https:\/\/www.joutsa.fi\/jouto\/#organization"},"potentialAction":[{"@type":"SearchAction","target":{"@type":"EntryPoint","urlTemplate":"https:\/\/www.joutsa.fi\/jouto\/?s={search_term_string}"},"query-input":{"@type":"PropertyValueSpecification","valueRequired":true,"valueName":"search_term_string"}}],"inLanguage":"fi"},{"@type":"Organization","@id":"https:\/\/www.joutsa.fi\/jouto\/#organization","name":"Joutsan Joutop\u00e4iv\u00e4t 4.-5.7.2026","url":"https:\/\/www.joutsa.fi\/jouto\/","logo":{"@type":"ImageObject","inLanguage":"fi","@id":"https:\/\/www.joutsa.fi\/jouto\/#\/schema\/logo\/image\/","url":"https:\/\/www.joutsa.fi\/jouto\/wp-content\/uploads\/2023\/04\/cropped-cropped-Joutopaiva_logo_taustalla.png","contentUrl":"https:\/\/www.joutsa.fi\/jouto\/wp-content\/uploads\/2023\/04\/cropped-cropped-Joutopaiva_logo_taustalla.png","width":512,"height":512,"caption":"Joutsan Joutop\u00e4iv\u00e4t 4.-5.7.2026"},"image":{"@id":"https:\/\/www.joutsa.fi\/jouto\/#\/schema\/logo\/image\/"},"sameAs":["https:\/\/www.facebook.com\/joutopaivat","https:\/\/www.instagram.com\/joutsan_joutopaivat\/"]}]}},"_links":{"self":[{"href":"https:\/\/www.joutsa.fi\/jouto\/wp-json\/wp\/v2\/pages\/1150","targetHints":{"allow":["GET"]}}],"collection":[{"href":"https:\/\/www.joutsa.fi\/jouto\/wp-json\/wp\/v2\/pages"}],"about":[{"href":"https:\/\/www.joutsa.fi\/jouto\/wp-json\/wp\/v2\/types\/page"}],"author":[{"embeddable":true,"href":"https:\/\/www.joutsa.fi\/jouto\/wp-json\/wp\/v2\/users\/1"}],"replies":[{"embeddable":true,"href":"https:\/\/www.joutsa.fi\/jouto\/wp-json\/wp\/v2\/comments?post=1150"}],"version-history":[{"count":16,"href":"https:\/\/www.joutsa.fi\/jouto\/wp-json\/wp\/v2\/pages\/1150\/revisions"}],"predecessor-version":[{"id":3091,"href":"https:\/\/www.joutsa.fi\/jouto\/wp-json\/wp\/v2\/pages\/1150\/revisions\/3091"}],"wp:attachment":[{"href":"https:\/\/www.joutsa.fi\/jouto\/wp-json\/wp\/v2\/media?parent=1150"}],"curies":[{"name":"wp","href":"https:\/\/api.w.org\/{rel}","templated":true}]}}